 Is q a composite number?
False
Let u(t) = t**3 + 9*t**2 - 1. Is u(-7) prime?
True
Suppose -5*l + 0*l + 80 = 0. Is (348/16)/(6/l) a composite number?
True
Let d = 499 - 110. Is d composite?
False
Let h = 1247 - 358. Is h a prime number?
False
Let y be (1/(-1) + 1)/(-2). Suppose i + 3*i - 84 = y. Is i a prime number?
False
Suppose l = 4, -6*f + f - 2*l + 28 = 0. Suppose 0 = -2*y + 5*o + 86, -20 + 269 = 5*y - f*o. Is y composite?
False
Is (2 - 1)/(5/6610) a composite number?
True
Is (2/1)/((-10)/(-2045)) a prime number?
True
Let k(c) = c**3 + 4*c**2 - 4*c + 1. Suppose -4*i + 0*i = 20. Let u be k(i). Is (-387)/(-5) - u/(-10) prime?
False
Suppose 30 = 7*w - 2*w. Let q(b) = b**2 - 6*b - 2. Let g be q(w). Is (-3 - -162) + 2 + g a prime number?
False
Suppose -5*n = 2*n - 21. Let o(r) = 2*r + 2. Let j be o(-2). Is n/j - 582/(-12) a composite number?
False
Let w(x) = -x**3 + 4*x**2 + 6*x - 3. Let j be w(5). Suppose -j*k = 4*a - k + 17, 0 = 5*k + 25. Is (-110)/a + 2/6 a prime number?
True
Suppose -9*p = -12*p + 12. Is (-12)/p - 1*-38 a prime number?
False
Is (1 + -3 - 1)*(-1039)/3 composite?
False
Let w(k) = -397*k - 2. Is w(-1) composite?
True
Let g = 3 - 3. Let l = g - -1. Is l*(2 + (1 - -20)) prime?
True
Suppose -2*f = 6, -4*f - 20624 = -0*t - 4*t. Is t prime?
True
Let r(m) = 17*m**3 + 3*m**2 - m + 4. Is r(3) a composite number?
False
Let t(j) = 2*j**3 - 10*j**2 + j + 8. Is t(7) prime?
True
Let y(p) = -43*p - 21. Suppose 0 = 8*w - 2*w + 60. Is y(w) prime?
True
Suppose -3 = 5*x - 28. Suppose -8*u + x*u = -753. Is u a composite number?
False
Let h = -1 - 28. Let q = h + 118. Is q prime?
True
Suppose 4*v - 5429 = 2327. Is v composite?
True
Let t = 164 + 469. Suppose -d - c + t = 4*d, 5*d - 5*c - 645 = 0. Is d composite?
False
Let d(n) be the second derivative of n**3/6 - 7*n**2/2 - n. Let r be d(7). Suppose r*o + 5*o - 287 = -3*t, 0 = -4*o + 4*t + 204. Is o composite?
True
Suppose -4*g + 2*n + n + 901 = 0, 2*n + 6 = 0. Is g a composite number?
False
Let h(x) = x**2 + 6*x + 2. Let n be h(-6). Suppose d = -5*p, 0 = -5*d - n*p + 3*p. Suppose 4*l = 2*s - 234, d = -4*s + l + 2*l + 493. Is s prime?
True
Let i(o) = -3*o**3 - 4*o. Is i(-3) a composite number?
True
Let w(r) = r**2 - 6*r - 6. Let u be w(7). Let s(f) = -4*f + u - 2 + 0 - 2. Is s(-6) a composite number?
True
Let b(d) = 5*d**3 + d + 1. Let c be b(2). Let n = 84 + c. Is n a composite number?
False
Suppose 2*o - 1 = 2*m - 9, 4*o + 4*m = 16. Suppose 24 = -2*r - o*r. Let z = r + 91. Is z prime?
True
Suppose -2*y + 6*y + 206 = -2*k, 0 = 5*y + k + 256. Let s be 2/1 + 4/(-2). Is -1 - ((1 - s) + y) a composite number?
True
Suppose -199 + 1956 = 5*o + 2*x, -3*o - 5*x + 1039 = 0. Is o prime?
True
Suppose 872 = 3*n + n. Is n prime?
False
Suppose 0 = -36*v + 33*v + 2361. Is v prime?
True
Suppose k = q - 2*k - 1, -q + 7 = -k. Let a = q - 6. Suppose 70 = a*s - 166. Is s composite?
False
Let u(w) = -7*w**3 + w**2 - 5*w - 4. Is u(-3) a composite number?
True
Suppose b - 5*l = -46, l = -5*b - l - 149. Let o = b - -66. Let t = -21 + o. Is t composite?
True
Let s be ((-1905)/(-25))/((-2)/(-10)). Is 1/((9/s)/3) prime?
True
Let s(b) = -130*b - 3. Is s(-1) composite?
False
Let u be (-3 - -3) + 0 - 22. Let x = -14 - u. Is (609/(-28))/((-3)/x) a composite number?
True
Let z be (8 - -2)*(-64)/(-20). Let n = z - -5. Is n a composite number?
False
Let c(v) = -11*v**3 + 2*v. Let d be c(-2). Let p = d - 49. Is p a prime number?
False
Is -4 + 5/((-10)/(-946)) composite?
True
Suppose -4*i + 6764 = 2*x, -2*i + 0*i - 3*x = -3374. Is i prime?
True
Let d = -759 + 1208. Is d a prime number?
True
Let a(d) = d - 5. Let x be a(8). Suppose x*z + 156 = 1053. Is z a prime number?
False
Suppose -2*d + 4580 = 1662. Is d composite?
False
Is (-18)/(-63) - 257/(-7) a composite number?
False
Suppose 40 = 3*t - 86. Let p = 119 - t. Is p prime?
False
Suppose 2*w - 4 = -2*w, 2*l - 7 = -3*w. Suppose 0 = -l*o + 4, -3*o + 82 = 4*a - 264. Is a prime?
False
Let w = 3 + 0. Let a be (-2*w)/((-12)/(-8)). Let b = 11 + a. Is b a prime number?
True
Let k(v) = v**2 + v - 5. Let y(o) = -2*o - 2. Let j be y(-2). Suppose j*s + 9 = s. Is k(s) prime?
True
Let s(g) = 9*g**2 - 2*g + 2. Is s(-3) a prime number?
True
Suppose 4*s = 481 + 75. Is s prime?
True
Suppose 3*h - 2716 - 3409 = -5*l, -5*h = l - 10223. Is h a composite number?
True
Let l(h) = 5 - 12 - 5*h - 8. Let z be l(-11). Let d = -17 + z. Is d a prime number?
True
Let i(j) = j**3 - 7*j**2 + 12*j - 5. Is i(8) prime?
False
Let d(l) = 0*l**2 + 2*l**2 + 6*l**2 - l + 2. Is d(3) a composite number?
False
Suppose 0 = -4*c + 6*c - 1498. Is c a composite number?
True
Let k(g) be the first derivative of g**3/3 - g**2/2 + g - 2. Let s be (3*1)/(0 + 1). Is k(s) a composite number?
False
Suppose 4*y - 907 = 445. Suppose 315 + 167 = -2*t. Let x = y + t. Is x a composite number?
False
Suppose -5*p + 20 + 20 = 0. Let v(w) = 3*w + 2. Is v(p) a prime number?
False
Suppose -4*i - 229 = -1. Let n = -38 - i. Is n prime?
True
Let o = 2 + 2. Suppose -o*a = -2*c - 211 - 361, 5*a + 3*c - 737 = 0. Is a composite?
True
Let n(w) = w**2 + w + 93. Suppose 0*o - o - 5 = 0. Let z = o + 5. Is n(z) a prime number?
False
Suppose -6 = 3*o - 7*o + 3*g, o = -5*g + 13. Let h(i) = 39*i + 3. Let c(z) = 10*z + 1. Let a(j) = -15*c(j) + 4*h(j). Is a(o) composite?
True
Let z(t) = -7*t + 2. Let v be -6*-2*(-2)/8. Is z(v) a prime number?
True
Let n(t) = 3*t**2 + 15*t + 8. Is n(-10) a prime number?
False
Suppose 3*k = 4*k - 2. Is k/2*2 - -19 prime?
False
Suppose -2*w - 621 = -11*w. Is w a composite number?
True
Let b(o) = o**2 + 5*o - 1. Let w be b(-6). Suppose 2*u - w*u + 915 = 0. Is u a prime number?
False
Suppose -4*r - 3*v = -239, 3*r = -5*v + 32 + 150. Is r prime?
True
Let a = -642 + 65. Let q = 828 + a. Is q prime?
True
Let k(h) = 160*h**2 - h - 1. Let i be k(-1). Suppose 2*z + 26 - i = 0. Is z prime?
True
Is (-6695)/(-10) - (0 + 6/(-4)) a composite number?
True
Let i(q) = 3*q + 7*q**2 + 3 + 1 - 2. Is i(3) composite?
True
Suppose -4*g - 81 - 63 = 0. Let y = g - -293. Is y a composite number?
False
Suppose -3*l = -3*c - l + 451, 5*c = -2*l + 741. Is c composite?
False
Let s(w) = 3*w**3 + 2*w**2 - 3*w + 3. Let m be s(5). Suppose 0 = -o - 1, -m = -3*f - 4*o + 3*o. Is (-2)/((-1)/(f/4)) prime?
False
Let b be 51/15 + 2/(-5). Suppose s - 2*g + 5 = 0, s + b*g - 2 - 8 = 0. Let h(n) = 54*n**3 - 2*n**2 + n. Is h(s) composite?
False
Suppose 5*y + 3 = 13. Suppose -5*x = -5*k + 275, 254 - 40 = 4*k - 2*x. Suppose 18 = y*m - k. Is m prime?
False
Suppose -6*l = -l - 1295. Is l a prime number?
False
Let c(i) = 14*i - 7. Let m be c(-5). Let j = m - -126. Is j prime?
False
Suppose 0 = -2*r + 5 + 5. Suppose 50 = r*q - 45. Is q prime?
True
Let o be 4/10 + 26/10. Suppose 0 = 5*r - o*u - 171, 3*r - 5*u - 33 - 76 = 0. Is r composite?
True
Let j = -12 + 49. Is j a prime number?
True
Suppose 10*l = 5*l + 1115. Is l composite?
False
Suppose -3*s = -4*r - 65, -2*r - 2*r = -4*s + 60. Let c be ((-3)/2)/(6/r). Let f = 28 + c. Is f a prime number?
False
Let f be 604/16*12/3. Let o = -38 + f. Is o a composite number?
False
Let r(n) = -4*n**3 - 14*n**2 - 6*n + 9. Is r(-10) a prime number?
False
Let w be 0 - (-2 + 4 - -722). Let f = -355 - w. Is (1 + f)*(-2)/(-4) a composite number?
True
Let a(m) = 6*m + 2 + 2*m**3 - 3*m + m**2 + 0. Let t be a(3). Suppose 0 = 2*n - 4*n + t. Is n a composite number?
False
Let a(q) = q**2 + 103. Is a(0) a prime number?
True
Suppose 7*n - 970 = -5*a + 2*n, -3*a = -2*n - 592. Suppose 6*k = 2*k + a. Is k a prime number?
False
Let g = -31 - -51. Suppose w = -4*w + g. Suppose 2*u = -w + 18. Is u a prime number?
True
Let o = -63 + 31. Let c = -59 + 138. Let h = c + o. Is h a prime number?
True
Let r(h) = 51*h**2 + 3*h + 1. Let s be r(-1). Suppose -2*w - s = -215. Is w prime?
True
Suppose -3*a = -8*a - 20. Is (-2)/a + (-43)/(-2) prime?
False
Let a(f) = f**3 + 14. Let n = -3 + 1. Let p be n - 2*-1 - 0. Is a(p) prime?
False
Let m(d) = d**3 + 9*d**2 - 3. Let t be (-1 + -13)*3/(-6). Let a = t + -11. Is m(a) prime?
False
Suppose -434 = -4*m + k + 334, m + 3*k - 179 = 0. Is m prime?
True
Let t = -140 - -585. Is t composite?
True
Suppose 0 = -j + 3*j - 10. Let y(w) = 2*w**2 - 4*w. Let v be y(j). Suppose 0 = -h - 4*z + v + 69, 5*h + z - 400 = 0. Is h prime?
True
L